{"id":423,"date":"2015-10-18T20:21:09","date_gmt":"2015-10-18T18:21:09","guid":{"rendered":"https:\/\/www.joerg-alff.de\/cms\/?page_id=423"},"modified":"2024-09-11T10:18:51","modified_gmt":"2024-09-11T08:18:51","slug":"partnersponsoren","status":"publish","type":"page","link":"https:\/\/www.joerg-alff.de\/cms\/partnersponsoren\/","title":{"rendered":"Partner"},"content":{"rendered":"<div class=\"row\">\n<div class=\"columns medium-6 bottom-mid-margin\">\n<article class=\"av-client-box\">\n<div class=\"row\">\n<div class=\"columns small-4\"><a href=\"https:\/\/www.joerg-alff.de\/cms\/wp-content\/uploads\/2021\/04\/VFL_logo.png\"><img loading=\"lazy\" class=\"alignnone size-full wp-image-1990\" src=\"https:\/\/www.joerg-alff.de\/cms\/wp-content\/uploads\/2021\/04\/VFL_logo.png\" alt=\"\" width=\"200\" height=\"229\" \/><\/a><\/div>\n<div class=\"columns small-8 av-client-info\">\n<h3>VfL \/ LGV<\/h3>\n<p><span class=\"av-t-fucsia\"><a href=\"http:\/\/www.vfl-09-juenkerath.de\/\" target=\"_blank\" rel=\"noopener\">www.vfl-09-juenkerath.de<\/a><\/span><\/p>\n<p><a href=\"http:\/\/www.lgvulkaneifel.de\" target=\"_blank\" rel=\"noopener\">www.lgvulkaneifel.de<\/a><br \/>\nMein Heimatverein seit 30 Jahren und ist immer ein Hafen meiner Erfolge und auch Auffangbecken meiner Niederlagen und Verletzungen.<\/p>\n<\/div>\n<\/div>\n<\/article>\n<\/div>\n<div class=\"columns medium-6 bottom-mid-margin\">\n<article class=\"av-client-box\">\n<div class=\"row\">\n<div class=\"columns small-4\"><\/div>\n<div class=\"columns small-8 av-client-info\">\n<p><a href=\"https:\/\/www.joerg-alff.de\/cms\/wp-content\/uploads\/2021\/04\/squeezy_logo.png\"><img loading=\"lazy\" class=\"alignnone size-full wp-image-1979\" src=\"https:\/\/www.joerg-alff.de\/cms\/wp-content\/uploads\/2021\/04\/squeezy_logo.png\" alt=\"\" width=\"200\" height=\"98\" \/><\/a><\/p>\n<\/div>\n<\/div>\n<\/article>\n<\/div>\n<\/div>\n<div class=\"row\">\n<div class=\"columns medium-6 bottom-mid-margin\">\n<article class=\"av-client-box\">\n<div class=\"row\">\n<div class=\"columns small-8 av-client-info\">\n<h3>SQUEEZY<\/h3>\n<p><span class=\"av-t-fucsia\"><a href=\"http:\/\/www.squeezy.de\/\" target=\"_blank\" rel=\"noopener\">www.squeezy.de<\/a><\/span><br \/>\nMein Sponsoring-Partner <a href=\"http:\/\/www.squeezy.de\/ueber-uns-squeezy-geschichte\/\">SQUEEZY<\/a> versorgt mich mit hochwertiger und effektiver Sportern\u00e4hrung. Das breitgef\u00e4cherte Sortiment der Sportnahrung deckt s\u00e4mtliche Anforderungen meiner Bed\u00fcrfnisse in Training und Wettkampf ab.<\/p>\n<\/div>\n<\/div>\n<\/article>\n<\/div>\n<div class=\"columns medium-6 bottom-mid-margin\">\n<article class=\"av-client-box\">\n<div class=\"row\">\n<div class=\"columns small-4\"><a href=\"https:\/\/www.joerg-alff.de\/cms\/wp-content\/uploads\/2021\/04\/Physio_logo.png\"><img loading=\"lazy\" class=\"alignnone size-full wp-image-1984\" src=\"https:\/\/www.joerg-alff.de\/cms\/wp-content\/uploads\/2021\/04\/Physio_logo.png\" alt=\"\" width=\"200\" height=\"71\" \/><\/a><\/div>\n<div class=\"columns small-8 av-client-info\">\n<h3>Physiotherapie Eva-Maria Herrmann<\/h3>\n<p><span class=\"av-t-fucsia\"><a href=\"http:\/\/www.physiopraxis-herrmann.de\" target=\"_blank\" rel=\"noopener\">http:\/\/www.physiopraxis-herrmann.de<\/a><\/span><br \/>\nDie Praxis E.-M. Herrmann in Frankfurt ist meine Anlaufstelle f\u00fcr Krankengymnastik und Manuelle Therapie.<\/p>\n<\/div>\n<\/div>\n<\/article>\n<\/div>\n<\/div>\n<div class=\"row\">\n<div class=\"columns medium-6 bottom-mid-margin\">\n<article class=\"av-client-box\">\n<div class=\"row\">\n<div class=\"columns small-4\"><a href=\"https:\/\/www.joerg-alff.de\/cms\/wp-content\/uploads\/2021\/04\/Ortho_logo.png\"><img loading=\"lazy\" class=\"alignnone size-full wp-image-1988\" src=\"https:\/\/www.joerg-alff.de\/cms\/wp-content\/uploads\/2021\/04\/Ortho_logo.png\" alt=\"\" width=\"200\" height=\"94\" \/><\/a><\/div>\n<div class=\"columns small-8 av-client-info\">\n<h3>Ortho One Sportmedizinische Praxis<\/h3>\n<p><span class=\"av-t-fucsia\"><a href=\"http:\/\/www.ortho-one.de\/\" target=\"_blank\" rel=\"noopener\">www.ortho-one.de<\/a><\/span><br \/>\nBei der Wiedergenesung nach Verletzung in den letzten Jahren war und ist Dr. A. Hild mein kompetenter Orthop\u00e4de.<\/p>\n<\/div>\n<\/div>\n<\/article>\n<\/div>\n<div class=\"columns medium-6 bottom-mid-margin\">\n<article class=\"av-client-box\">\n<div class=\"row\">\n<div class=\"columns small-4\"><a href=\"https:\/\/www.joerg-alff.de\/cms\/wp-content\/uploads\/2021\/04\/Bauerfeind.png\"><img loading=\"lazy\" class=\"alignnone size-full wp-image-1981\" src=\"https:\/\/www.joerg-alff.de\/cms\/wp-content\/uploads\/2021\/04\/Bauerfeind.png\" alt=\"\" width=\"120\" height=\"200\" \/><\/a><\/div>\n<div class=\"columns small-8 av-client-info\">\n<h3>BAUERFEIND SPORT<\/h3>\n<p><span class=\"av-t-fucsia\"><a href=\"http:\/\/www.bauerfeind.de\/\" target=\"_blank\" rel=\"noopener\">www.bauerfeind.de<\/a><\/span><br \/>\nBauerfeind ist mein neuer Ausstatter von hochfunktionellen Sportstr\u00fcmpfen in meinem Laufsport und Kompressionsstr\u00fcmpfen w\u00e4hrend der passiven Erholung in Beruf und Freizeit. Die sp\u00fcrbare Kompression verbessert die Durchblutung und beschleunigt die Regeneration. Atmungsaktives wie leichtes Mikrofaser-Material wirkt einfach super angenehm auf der Haut. Bauerfeind ist mein idealer Ausdauersport-Begleiter vor allem bei meinen Zwei-Stunden-L\u00e4ufen.<\/p>\n<\/div>\n<\/div>\n<\/article>\n<\/div>\n<\/div>\n","protected":false},"excerpt":{"rendered":"<p>VfL \/ LGV www.vfl-09-juenkerath.de www.lgvulkaneifel.de Mein Heimatverein seit 30 Jahren und ist immer ein Hafen [&hellip;]<\/p>\n","protected":false},"author":1,"featured_media":0,"parent":0,"menu_order":0,"comment_status":"closed","ping_status":"open","template":"template\/template-full-width.php","meta":[],"_links":{"self":[{"href":"https:\/\/www.joerg-alff.de\/cms\/wp-json\/wp\/v2\/pages\/423"}],"collection":[{"href":"https:\/\/www.joerg-alff.de\/cms\/wp-json\/wp\/v2\/pages"}],"about":[{"href":"https:\/\/www.joerg-alff.de\/cms\/wp-json\/wp\/v2\/types\/page"}],"author":[{"embeddable":true,"href":"https:\/\/www.joerg-alff.de\/cms\/wp-json\/wp\/v2\/users\/1"}],"replies":[{"embeddable":true,"href":"https:\/\/www.joerg-alff.de\/cms\/wp-json\/wp\/v2\/comments?post=423"}],"version-history":[{"count":24,"href":"https:\/\/www.joerg-alff.de\/cms\/wp-json\/wp\/v2\/pages\/423\/revisions"}],"predecessor-version":[{"id":2418,"href":"https:\/\/www.joerg-alff.de\/cms\/wp-json\/wp\/v2\/pages\/423\/revisions\/2418"}],"wp:attachment":[{"href":"https:\/\/www.joerg-alff.de\/cms\/wp-json\/wp\/v2\/media?parent=423"}],"curies":[{"name":"wp","href":"https:\/\/api.w.org\/{rel}","templated":true}]}}

<div class="row">
<div class="columns medium-6 bottom-mid-margin">
<article class="av-client-box">
<div class="row">
<div class="columns small-4"><a href="https://www.joerg-alff.de/cms/wp-content/uploads/2021/04/VFL_logo.png"><img loading="lazy" class="alignnone size-full wp-image-1990" src="https://www.joerg-alff.de/cms/wp-content/uploads/2021/04/VFL_logo.png" alt="" width="200" height="229" /></a></div>
<div class="columns small-8 av-client-info">
<h3>VfL / LGV</h3>
<p><span class="av-t-fucsia"><a href="http://www.vfl-09-juenkerath.de/" target="_blank" rel="noopener">www.vfl-09-juenkerath.de</a></span></p>
<p><a href="http://www.lgvulkaneifel.de" target="_blank" rel="noopener">www.lgvulkaneifel.de</a><br />
Mein Heimatverein seit 30 Jahren und ist immer ein Hafen meiner Erfolge und auch Auffangbecken meiner Niederlagen und Verletzungen.</p>
</div>
</div>
</article>
</div>
<div class="columns medium-6 bottom-mid-margin">
<article class="av-client-box">
<div class="row">
<div class="columns small-4"></div>
<div class="columns small-8 av-client-info">
<p><a href="https://www.joerg-alff.de/cms/wp-content/uploads/2021/04/squeezy_logo.png"><img loading="lazy" class="alignnone size-full wp-image-1979" src="https://www.joerg-alff.de/cms/wp-content/uploads/2021/04/squeezy_logo.png" alt="" width="200" height="98" /></a></p>
</div>
</div>
</article>
</div>
</div>
<div class="row">
<div class="columns medium-6 bottom-mid-margin">
<article class="av-client-box">
<div class="row">
<div class="columns small-8 av-client-info">
<h3>SQUEEZY</h3>
<p><span class="av-t-fucsia"><a href="http://www.squeezy.de/" target="_blank" rel="noopener">www.squeezy.de</a></span><br />
Mein Sponsoring-Partner <a href="http://www.squeezy.de/ueber-uns-squeezy-geschichte/">SQUEEZY</a> versorgt mich mit hochwertiger und effektiver Sporternährung. Das breitgefächerte Sortiment der Sportnahrung deckt sämtliche Anforderungen meiner Bedürfnisse in Training und Wettkampf ab.</p>
</div>
</div>
</article>
</div>
<div class="columns medium-6 bottom-mid-margin">
<article class="av-client-box">
<div class="row">
<div class="columns small-4"><a href="https://www.joerg-alff.de/cms/wp-content/uploads/2021/04/Physio_logo.png"><img loading="lazy" class="alignnone size-full wp-image-1984" src="https://www.joerg-alff.de/cms/wp-content/uploads/2021/04/Physio_logo.png" alt="" width="200" height="71" /></a></div>
<div class="columns small-8 av-client-info">
<h3>Physiotherapie Eva-Maria Herrmann</h3>
<p><span class="av-t-fucsia"><a href="http://www.physiopraxis-herrmann.de" target="_blank" rel="noopener">http://www.physiopraxis-herrmann.de</a></span><br />
Die Praxis E.-M. Herrmann in Frankfurt ist meine Anlaufstelle für Krankengymnastik und Manuelle Therapie.</p>
</div>
</div>
</article>
</div>
</div>
<div class="row">
<div class="columns medium-6 bottom-mid-margin">
<article class="av-client-box">
<div class="row">
<div class="columns small-4"><a href="https://www.joerg-alff.de/cms/wp-content/uploads/2021/04/Ortho_logo.png"><img loading="lazy" class="alignnone size-full wp-image-1988" src="https://www.joerg-alff.de/cms/wp-content/uploads/2021/04/Ortho_logo.png" alt="" width="200" height="94" /></a></div>
<div class="columns small-8 av-client-info">
<h3>Ortho One Sportmedizinische Praxis</h3>
<p><span class="av-t-fucsia"><a href="http://www.ortho-one.de/" target="_blank" rel="noopener">www.ortho-one.de</a></span><br />
Bei der Wiedergenesung nach Verletzung in den letzten Jahren war und ist Dr. A. Hild mein kompetenter Orthopäde.</p>
</div>
</div>
</article>
</div>
<div class="columns medium-6 bottom-mid-margin">
<article class="av-client-box">
<div class="row">
<div class="columns small-4"><a href="https://www.joerg-alff.de/cms/wp-content/uploads/2021/04/Bauerfeind.png"><img loading="lazy" class="alignnone size-full wp-image-1981" src="https://www.joerg-alff.de/cms/wp-content/uploads/2021/04/Bauerfeind.png" alt="" width="120" height="200" /></a></div>
<div class="columns small-8 av-client-info">
<h3>BAUERFEIND SPORT</h3>
<p><span class="av-t-fucsia"><a href="http://www.bauerfeind.de/" target="_blank" rel="noopener">www.bauerfeind.de</a></span><br />
Bauerfeind ist mein neuer Ausstatter von hochfunktionellen Sportstrümpfen in meinem Laufsport und Kompressionsstrümpfen während der passiven Erholung in Beruf und Freizeit. Die spürbare Kompression verbessert die Durchblutung und beschleunigt die Regeneration. Atmungsaktives wie leichtes Mikrofaser-Material wirkt einfach super angenehm auf der Haut. Bauerfeind ist mein idealer Ausdauersport-Begleiter vor allem bei meinen Zwei-Stunden-Läufen.</p>
</div>
</div>
</article>
</div>
</div>
